hest common divisor of a and 15.
5
Let o = 525 + -522. Calculate the highest common factor of 24 and o.
3
Let l(p) = -p**2 + 18*p + 49. Let y(n) = n**2 - 4*n - 12. Let x be y(8). Let z be l(x). What is the highest common factor of 72 and z?
9
Let o = 124 + -86. Let c = 56 - o. Let g = -26 - -38. Calculate the greatest common factor of c and g.
6
Suppose 264 - 3494 = -19*x. What is the greatest common divisor of x and 102?
34
Suppose 0 = -4*m + 6*m + 22. Let h = m - -27. Calculate the highest common divisor of h and 176.
16
Let s(b) = -24*b - 39. Let i be s(-4). Calculate the highest common factor of 38 and i.
19
Let r = 104 - 99. What is the highest common factor of r and 95?
5
Suppose -5*d - 16 + 1 = 0. Let j(l) = 14*l**2 - 2*l - 11*l**2 - 2*l**2. Let v be j(d). What is the greatest common divisor of 45 and v?
15
Let l be -2*((-25)/2)/5. Let k = 7 - 2. Calculate the greatest common factor of l and k.
5
Suppose 280 = 4*t + 3*d, 70 = -0*t + t - 4*d. Suppose 5*m + 83 = -57. Let u = 0 - m. Calculate the greatest common factor of u and t.
14
Let r(k) = -3*k**2 - 31*k - 37. Let w be r(-4). What is the highest common divisor of 247 and w?
13
Suppose -23*k = -30*k + 2002. What is the highest common factor of 132 and k?
22
Let u(b) = 6*b**3 + b**2 + 2*b - 2. Let c be u(2). Let z = c + -34. What is the greatest common factor of z and 8?
4
Let y be 1/(4/20) + (-8 - -6). What is the greatest common divisor of 93 and y?
3
Let f = -30 - -41. What is the highest common factor of f and 99?
11
Let q = -78 + 234. What is the greatest common divisor of 24 and q?
12
Suppose -225 = y - 2*y. Suppose -210 - 190 = -16*h. Calculate the greatest common divisor of h and y.
25
Let m = 286 + -280. Let l be 2/(-4) + (-26)/(-4). Calculate the greatest common factor of m and l.
6
Let m(p) = -p**2 - 8*p + 16. Let q be m(-7). Calculate the highest common divisor of q and 437.
23
Suppose -2*c = -2*u - 164, 2*c - 6*u = -u + 164. Let l = 120 - c. What is the highest common divisor of l and 19?
19
Suppose -4*i + 6 + 2 = 0, 51 = 5*h - 2*i. Let l = h + 0. Calculate the highest common divisor of l and 55.
11
Suppose 38 = -4*p + 6*p. Suppose -53 = -9*n + p. Let a(m) = -89*m**3 - m**2 - m - 1. Let s be a(-1). Calculate the greatest common divisor of s and n.
8
Suppose -193*v + 180*v = -1352. Calculate the greatest common divisor of v and 52.
52
Let k = -73 - -118. Let r = -115 - -145. Calculate the greatest common divisor of k and r.
15
Suppose -y + 11 = 4*g, g - y - 1 = -g. Suppose -5*u - g*r = -0*r - 105, -3*u + 63 = 2*r. Calculate the greatest common divisor of u and 14.
7
Let b(n) = -4*n + 1. Let w be b(-2). Let t(r) = -r**3 + 8*r**2 + 11*r - 7. Let u be t(w). Calculate the greatest common factor of u and 55.
11
Suppose -g - 3306 = -3313. Calculate the greatest common factor of g and 63.
7
Let n be ((-4)/(-3))/((-11)/33) - -8. Suppose -45 = -5*q + 6*z - z, 0 = q - 5*z - 13. Let a = -2 + q. What is the greatest common factor of a and n?
2
Let a(c) = -2*c**3 + 19*c**2 + 13*c + 2. Let u be a(10). What is the highest common divisor of 312 and u?
8
Let z be ((-32)/3)/((-1)/6). Suppose -4 = 2*q - 14. Suppose 0 = -3*k + 19 + q. Calculate the greatest common divisor of z and k.
8
Let k = -733 + 793. Calculate the greatest common divisor of 132 and k.
12
Suppose 10*n - 6*n - 3*p = 267, 4*n + 2*p - 242 = 0. Calculate the highest common divisor of n and 9.
9
Let d be ((-4)/(16/(-11)))/(4/(-16)). Let y = d - -15. What is the highest common divisor of y and 3?
1
Let y = -61 - -76. Suppose -4*u + 4*a + 420 = 0, 5*a - 98 = -2*u + 112. What is the highest common divisor of u and y?
15
Let t be 13/(-3)*1*-6. Let p(s) = s + 3. Let z be p(-2). Let j be 6252/48 - z/4. Calculate the greatest common divisor of t and j.
26
Let l = -487 - -486. Suppose 29 = -5*a - 36. Let t = l - a. Calculate the greatest common factor of t and 12.
12
Let l = 162 - 107. Suppose 4*q - 2*x = -0*x + 48, 5*x + l = 5*q. What is the greatest common factor of 143 and q?
13
Let x = 21 + -35. Let a be (-172)/x + ((-4)/14 - 0). What is the greatest common divisor of a and 6?
6
Suppose -7*y + 3*y = -2*j + 52, -y = 4*j - 122. Suppose -z = 4*s - 44, -4*s + 2*z + 68 = s. Calculate the greatest common divisor of s and j.
6
Let m(d) = 13*d + 259. Let b be m(-17). Calculate the greatest common factor of 361 and b.
19
Let v(f) = -2*f**2 - 5*f + 1. Let p be v(-4). Suppose 4*o = 149 + 35. Let a = o + p. Calculate the greatest common divisor of a and 5.
5
Let m = 15 - 17. Let q be (-1)/(-2) + 51/(-2). Let j be 6/(1*m/q). What is the highest common divisor of 30 and j?
15
Let v be 557/2 - (403/26 + -17). What is the greatest common divisor of v and 392?
56
Let g = 8 + -3. Suppose 0 = 3*d - g*d + 30. Suppose 2*v = -4*z + 486, z - 4*v = -9*v + 135. Calculate the highest common factor of z and d.
15
Let o = 42 + -6. Calculate the greatest common factor of o and 4.
4
Let c(w) = 167*w - 14. Let b be c(4). Let s = b + -375. Calculate the highest common divisor of 31 and s.
31
Let k(w) = 2*w + 5. Let f be (-40)/(-30)*(1 + -4). Let t be k(f). Let b be 13 + t + 1 + 0. Calculate the greatest common factor of b and 22.
11
Let i(t) = 3*t**2 + 5*t + 3. Let a be i(-4). Suppose 1 = -j, 4*j = -4*k - j + a. What is the greatest common divisor of 72 and k?
9
Let l = -906 - -997. What is the highest common factor of l and 364?
91
Suppose t + 10*q = 5*q + 11, 2*q - 26 = -4*t. Calculate the greatest common factor of t and 8.
2
Let i(r) = -r**3 + 28*r**2 + r + 1. Let z be i(28). Let o be (-8)/(-12) + 1299/9. Calculate the highest common divisor of o and z.
29
Suppose -6 = -3*t - 2*a, -a = 2*a - 9. Let k be 6*(t - -1 - 0). Let g be 5*1 - (-2)/(-2). What is the greatest common factor of g and k?
2
Suppose 949 = 4*b - 5*k, 397 = 3*b + 5*k - 306. What is the highest common factor of b and 826?
118
Let x = 256 - 70. Let k = 296 - x. Calculate the greatest common factor of k and 10.
10
Let n(a) = a**3 + 5*a**2 - a + 3. Let l be n(-5). Suppose 143*c = 151*c - 64. What is the highest common divisor of l and c?
8
Let b(y) = 4*y - 6. Let f(v) = -v + 13. Let d be f(11). Let t be b(d). Suppose 4*n - 2 - t = 0. Calculate the greatest common divisor of n and 1.
1
Suppose -21 = -3*t - o + 11, -5*t - 4*o + 44 = 0. Let k = -3 - -5. Suppose 3*p = -c + 6*p + 13, 3*c - k*p = 18. What is the highest common factor of t and c?
4
Suppose 1 = -z - 1. Let d be -2 + (z - 4/(-4)). Let n be (10/25)/(d/(-135)). Calculate the greatest common factor of n and 45.
9
Let k be ((-20)/3)/((-14)/21). Let a = k + -7. Suppose 3 = 3*l, -4*h = -0*h + 5*l - 137. What is the greatest common divisor of a and h?
3
Suppose -19 = -4*b + 5*s, 2*b - 5 = 3*s + 4. Calculate the greatest common factor of 102 and b.
6
Suppose -5*u + 0*u = -45. Suppose -8*r = -5*j - 5*r + 126, 0 = r - 3. Calculate the greatest common divisor of u and j.
9
Let w = -500 - -510. Calculate the highest common divisor of 430 and w.
10
Let u(a) = a**3 - 5*a**2 - 6*a - 5. Let n be u(7). Let v = -44 + n. What is the highest common factor of 49 and v?
7
Suppose 6*y + 5*w - 8220 = y, 6581 = 4*y + 3*w. Calculate the highest common divisor of 17 and y.
17
Suppose 2*p - 140 = 6*x - x, -4*x - 112 = -3*p. Let o = 63 + x. Calculate the highest common factor of 10 and o.
5
Let s(j) = -53*j - 3. Let d be s(-1). Calculate the greatest common divisor of 120 and d.
10
Let p(c) be the third derivative of 0*c - c**2 + 3/8*c**4 + 1/60*c**5 + 2/3*c**3 + 0. Let l be p(-11). Calculate the greatest common factor of 26 and l.
26
Let f = -19 - -22. Suppose 0 = -f*u + 25 - 7. Calculate the highest common factor of 48 and u.
6
Let r be 237/2 + (25/(-2))/5. Calculate the greatest common divisor of r and 174.
58
Suppose -t + 50 = -0*d + 3*d, 0 = 2*d + 2*t - 32. Suppose -z + 0*z - 3*c + d = 0, 16 = 2*z - 3*c. What is the greatest common divisor of z and 88?
11
Let q = 170 - 272. Let g = -57 - q. What is the highest common divisor of g and 30?
15
Let a(c) = c**3 + 6*c**2 + 2. Let r be a(-6). Let j = 410 + -356. Suppose r*d = -0*d + j. Calculate the greatest common divisor of d and 18.
9
Suppose 2*l - 262 - 180 = 0. Let j be -15*6/108 + ((-195)/(-18) - -3). Calculate the greatest common factor of l and j.
13
Let y = 51 - 31. Let v be 2/(-4)*(-28)/2. Let z(j) = 5*j**2